-d**2 + 5*d - 4. Let t be 245/175 - 6/(-10). Give h(t).
2
Let y(f) be the first derivative of -f**4 - f**3/3 - 2*f**2 + 2*f - 21. Let w(n) = 2*n**3 + n**2 + 2*n - 1. Let r(t) = 5*w(t) + 3*y(t). Determine r(1).
-1
Let p(z) = -z**2 - 1. Let s(d) = 4*d - 11 + 7*d**2 - 8*d**2 - 2*d**2. Let a(o) = 4*p(o) - s(o). What is a(-5)?
2
Let c(b) = -b + 6. Let j be c(12). Let d(u) = 2*u + 9. Let n(l) = -l. Suppose 3*i + i = -8. Let t(x) = i*n(x) + d(x). Calculate t(j).
-15
Let a(s) = s**2 + 5*s. Let f(l) = 4 + 10*l + l**2 + l**2 - 5. Let g(j) = 5*a(j) - 2*f(j). What is g(-3)?
-4
Suppose 0 = 3*x + 18 - 27. Let n(v) be the first derivative of 0*v**2 - 1/3*v**3 - 2*v - 13. Give n(x).
-11
Let d(k) = -6*k**3 + k**2 - 3*k. Let y be d(-2). Let s = y - 57. Let x(c) = -c**2 + 2*c - 1. Determine x(s).
0
Let a(c) = 2*c + 6. Let m be (22 + -19)*(-2)/(-6)*0. Give a(m).
6
Let p = 99 - 97. Let b(c) be the third derivative of -c**4/8 - c**3/3 + 2*c**2. What is b(p)?
-8
Let d be (-2 - -1)/((-1 + 0)*-1). Let s(i) = i**2 + 1. Let l(y) = 3*y**2 + 7*y - 7. Let x(k) = d*l(k) + 2*s(k). Determine x(-7).
9
Let b be (4/(-3))/(2/(-3)). Suppose -2 - 2 = -b*n. Suppose 5 = -n*a - 1. Let d(c) = -4*c - 4. What is d(a)?
8
Let n(w) = -1 + 2 - 9*w**2 + 3*w + 10*w**2. Let f(s) be the third derivative of s**4/6 + s**3/6 - 3*s**2. Let h be f(-1). Determine n(h).
1
Let p = -214 - -211. Let v(c) = -2*c**2 - 2*c + 3. Determine v(p).
-9
Let v(r) = 5*r**2 - 14*r + 12. Let f(w) = 2*w**2 + w - 3. Let q(b) = 2*f(b) - v(b). Determine q(14).
10
Let i be (-114)/(-24) + 3/12. Let g(t) be the first derivative of -t**4/4 + t**3 + 7*t**2/2 + 2*t + 25. Give g(i).
-13
Let k(j) = -j**3 + 7*j**2 - 6*j + 44. Let i be k(7). Let n(p) = -167*p**3 + 338*p**3 - 6*p**i - 3*p - 170*p**3 - 6. Calculate n(6).
-24
Let l = 44 + -44. Let i be (-1 + 0)*l/(-2 - -1). Let z(w) = -3*w - 3 + 2*w + 0*w. Determine z(i).
-3
Suppose 4*n = 8*n - 20. Let i(b) be the third derivative of 0 + 7*b**2 + 0*b + 1/24*b**4 - 1/3*b**3. Calculate i(n).
3
Let t = 22 + -21. Let g(c) = 34*c**2 - 49*c**2 + t - 2*c + 26*c**2. Determine g(1).
10
Let r(x) = -5*x**2 + 2*x + 4. Let g(s) = -4*s**2 + 2*s + 2. Let v(o) = 6*g(o) - 5*r(o). Give v(-4).
0
Let p(u) = 2*u + 16 + 16*u - 5*u. Let h(y) = 32 + 0*y + 4*y - 27. Let m(f) = -7*h(f) + 2*p(f). Calculate m(-4).
5
Let c(t) be the first derivative of -t**4/4 + 16*t**3/3 - 17*t**2/2 - 2*t - 94. Give c(15).
-32
Suppose 5*g + 37*c = 34*c - 8, -4*g - 20 = -c. Let q(v) = -v**3 - 2*v**2 + 8*v + 9. Calculate q(g).
9
Let t(m) = 2*m + 12. Suppose 2*w = 3*k + 27, 2*k - 39*w = -37*w - 20. Give t(k).
-2
Let k be (1/2)/(1/(-2)). Let v(d) = d**3 - 13*d**2 - d + 15. Let t be v(13). Let g(y) = 1 + y - 52*y**2 + y + 48*y**t. Calculate g(k).
-5
Let o(s) be the third derivative of 0 + 6*s**2 - 1/2*s**3 + 1/6*s**4 + 0*s. Determine o(-3).
-15
Suppose 291 = 16*s + 355. Let x(o) = o**3 + 6*o**2 + 6*o - 4. Determine x(s).
4
Suppose 12 = -3*b - 6. Let r(z) = -2*z**2 - 39*z - 15. Let w(n) = -n**2 - 22*n - 8. Let s(m) = 3*r(m) - 5*w(m). Calculate s(b).
1
Let f(x) = 58*x + 19. Let m(h) = -9*h - 3. Let y(s) = -6*f(s) - 39*m(s). What is y(6)?
21
Suppose -4*j + j = -9, 2*j = -2*y - 4. Let v(h) be the second derivative of h**5/20 + 5*h**4/12 - h**3/6 + h**2/2 + 4*h. What is v(y)?
6
Let c be 89/(-3) + (-9)/27. Let o = c - -35. Let k(q) = q**3 - 6*q**2 + q + 6. Give k(o).
-14
Let z be 4/1 - (-6)/(-2). Let j be (-10 - -10)*(-1)/3. Let p(s) = 36*s - s**2 + 8*s**3 + j - 35*s + 0. Give p(z).
8
Let m(a) = -6*a - 1. Let q = -13 - -16. Let i(p) = 5 - p**2 - q*p - 3 + 4 - 1. Let k be i(-4). Give m(k).
-7
Suppose s - d - 2 = 2, -3*d = 3*s - 6. Suppose -12 - 36 = -s*w. Let a(q) = 1 + w*q**2 + 4 - 6. Determine a(-1).
15
Let n(v) = v**2 + 9*v - 6. Let s = 15 - 25. Let f be n(s). Let u(y) = y**2 - 3. What is u(f)?
13
Let r(n) = -23*n + 11*n + 3*n + n**2 + 1 + 5*n. Determine r(4).
1
Let o(n) = -3*n**2 + 4 + 9339*n - 9330*n + 2. Calculate o(4).
-6
Let v(q) = q**3 - 3*q + 4. Let c(j) = 2*j**3 - 2*j + 3. Let n(b) = -4*c(b) + 3*v(b). Determine n(1).
-6
Let b(r) = -r**2 - r + 9. Suppose -j - 20 = -16*l + 21*l, 5*j - 4 = l. Determine b(j).
9
Let a(m) = -2*m**3 - 4*m**2 - 5*m - 4. Let s be a(-2). Let t(p) = s + 28*p - 50*p + 23*p. Calculate t(-6).
0
Let v(t) = -4*t + 1. Let h = 41 - 42. What is v(h)?
5
Let x(i) = -2*i - 6. Let f(z) = z + 3. Let v(s) = -11*f(s) - 6*x(s). Suppose -4*a + 5*a = 5. Let o be 8/20*(20 - a). Calculate v(o).
9
Let y(i) = i**3 + 3*i**2 - i + 16. Let j be y(-4). Let h be 1*7 + (-3)/3. Suppose -h*p + j*p - 12 = 0. Let q(r) = r**3 + 6*r**2 - 4. Determine q(p).
-4
Let d(k) = k + 0*k + 154 + 2*k - 146 - 4*k. Calculate d(6).
2
Let w(q) = 7 + q + 8 - 29 + 2*q + 12. Determine w(-2).
-8
Let b(x) = 7*x**2 - 4*x + x**3 + 19*x - 10*x. What is b(-6)?
6
Let t be (10 - 5)*(2 + 1 - 2). Let x(c) = -c**3 + 5*c**2 + 2*c - 4. What is x(t)?
6
Let h(m) = -2 - 79*m + 3*m**2 + 38*m + 40*m. Calculate h(-2).
12
Suppose -99 = 29*b + 133. Let p(i) = -i**3 - 8*i**2 - i - 4. Give p(b).
4
Let t(i) = -68 + i**2 - 6*i + 44 + 32. Calculate t(6).
8
Let z(i) be the first derivative of 1/20*i**5 + 5/12*i**4 + 2 - 7*i - 7/2*i**2 - i**3. Let y(h) be the first derivative of z(h). Give y(-6).
-7
Suppose -y + k = y - 9, y + 3*k + 6 = 0. Let z(o) = -1 - 2*o**2 + 6 - 5 + 3*o + 4. Give z(y).
-5
Let u(c) be the second derivative of c**3/6 - c**2 + 91*c. What is u(-3)?
-5
Let a(c) = c**2 + 3*c. Let x be 20/8*10 + 1. Suppose 22 + x = -4*w. Let u = w - -9. What is a(u)?
0
Let g(f) = -3*f + 5. Let l(u) = -2*u + 9 + 3 - 9. Let o(c) = 3*g(c) - 5*l(c). Let m be (0 - (-2 + 1))*1. Determine o(m).
1
Let t(l) = l**3 - l**2 + 1. Let p(c) = 2*c**2 - 4*c. Let q(b) = p(b) - t(b). Suppose 0 = -2*d + 2 + 4. Give q(d).
-13
Let f be ((-1)/(-2))/(7/14). Let d(s) be the third derivative of s**6/120 + s**5/60 - s**4/12 + s**3/6 - 37*s**2. Determine d(f).
1
Let t(c) = 0*c + 2 - c**2 + 2 - 3 + c. Let n = 5 - 5. Let f = n - -2. What is t(f)?
-1
Let j(s) = 2*s + 2. Let m be -15 - 4/(-2)*(-7 + 6). Let f(b) = 2*b. Let h be f(-6). Let k = h - m. Calculate j(k).
12
Let u = -5 + 4. Let s(x) be the third derivative of -3*x**5/20 - x**4/24 - x**2 + 16*x. What is s(u)?
-8
Let q(o) = 2*o**2 + o - 2. Suppose h - k = -5, -2*h + k = 6*k - 11. Give q(h).
4
Let o(u) = u**2 - 6*u + 3. Let r(t) = -2*t**2 + 12*t - 5. Suppose b + 31 = -4*w, -2 + 1 = w - 2*b. Let i(f) = w*o(f) - 3*r(f). What is i(4)?
2
Let c(q) = -2*q**2 + 3*q**2 - 1 + q - 13. Let h = -438 - -438. Determine c(h).
-14
Let z be ((-1)/3)/((-1)/9). Let g(h) = 1. Let t(o) = o + 6. Let s(p) = 14*g(p) - 2*t(p). Calculate s(z).
-4
Let g(v) = 11*v**3 - 2*v**2 - 5*v. Let m(a) = 5*a**3 - a**2 - 3*a. Suppose -8*n + 25 = -13*n. Let k(q) = n*m(q) + 3*g(q). Determine k(1).
7
Let t(a) = -3*a**2 + a + 2. Let g = 287 + -284. Give t(g).
-22
Let w(g) = 5*g**2 - g**2 + 0 + g**3 - 6 - 3*g. Let z(d) = -2*d - 44. Let u be z(-20). Determine w(u).
6
Let k(i) = 1. Let x(a) = a**2 - a + 8. Let h(u) = 4*k(u) + x(u). Let v = 4 - 3. Let b be v*(-2 + (4 - 2)). Determine h(b).
12
Let u(o) = o**2 + o. Let b(h) = -h**3 + 21*h**2 + 20*h + 48. Let t be b(22). Let x(n) = n**2 + n + 4. Let v be x(-3). Suppose t*m + v = -m. What is u(m)?
2
Let c(q) = -5*q + 1. Suppose 0 = -30*v + 29*v. Let k(x) = -x**3 + x**2 + x + 1. Let j be k(v). Determine c(j).
-4
Let z be -3 + -2 - (2 - 0). Let d(t) = -7 + 0 - 9 + 6 - 2*t. Calculate d(z).
4
Let w(x) = 10*x**3 - 19*x**2 - 9*x + 25. Suppose 9*y = 6*y - 21. Let c(r) = -3*r**3 + 6*r**2 + 3*r - 8. Let v(d) = y*c(d) - 2*w(d). Give v(4).
-6
Let p(b) = -7*b**2 - 5. Let c(w) = w**3 + 8*w**2 + 6. Let r(a) = 6*c(a) + 7*p(a). Let j be r(1). Let u(q) = q**2 - 5*q + 7. Give u(j).
13
Let g(f) be the third derivative of -f**4/4 - f**3 - 308*f**2. Determine g(-2).
6
Let m(u) be the third derivative of 0*u - 1/12*u**5 + 0*u**4 + 1/6*u**3 + 0 + 5*u**2. Give m(-1).
-4
Let d(i) be the first derivative of -i**6/360 - i**5/20 - 7*i**4/24 + 5*i**3/3 - 6. Let m(q) be the third derivative of d(q). Calculate m(-6).
-7
Let u = -51 - -107. Suppose n = -7*n + u. Let z(r) = r - 6. Determine z(n).
1
Let p(c) = 16*c - 3. Let f(x) = -89*x + 16. Let j(h) = 6*f(h) + 33*p(h). What is j(2)?
-15
Let i(z) = -3*z + 24. Let l(m) = -7*m + 51. Let d(v) = -13*i(v) + 6*l(v). What is d(-2)?
0
Let d(s) be th